
{"id":8623,"date":"2026-01-27T09:56:31","date_gmt":"2026-01-27T08:56:31","guid":{"rendered":"https:\/\/przedszkole54.edu.wroclaw.pl\/?page_id=8623"},"modified":"2026-01-29T14:07:34","modified_gmt":"2026-01-29T13:07:34","slug":"ksef","status":"publish","type":"page","link":"https:\/\/przedszkole54.edu.wroclaw.pl\/index.php\/kontakt\/ksef\/","title":{"rendered":"KSeF"},"content":{"rendered":"<div class=\"wpb-content-wrapper\"><p>[vc_row][vc_column width=&#8221;1\/4&#8243;][\/vc_column][vc_column width=&#8221;1\/2&#8243;][vc_column_text css=&#8221;&#8221;]<\/p>\n<p style=\"text-align: center\"><span style=\"font-size: 18pt\"><strong><span style=\"color: #800000\">INFORMACJI DLA WYSTAWC\u00d3W FAKTUR ZAKUPOWYCH<\/span><\/strong><\/span><\/p>\n<p style=\"text-align: center\"><span style=\"font-size: 14pt\"><strong>KSeF \u2013 wystawianie faktur dla Przedszkola nr 54 Pod Kasztanami<\/strong><\/span><\/p>\n<p style=\"text-align: center\"><span style=\"font-size: 14pt\">Je\u017celi zawarli\u015bcie Pa\u0144stwo umow\u0119 z Gmin\u0105 Wroc\u0142aw \u2013 Przedszkole nr 54 Pod Kasztanami, bardzo prosz\u0119 o wystawianie faktur za \u015bwiadczone us\u0142ugi lub dostawy w nast\u0119puj\u0105cy spos\u00f3b:<\/span><\/p>\n<p style=\"text-align: center\"><span style=\"font-size: 14pt\"><strong>Nabywca:<\/strong> <\/span><br \/>\n<span style=\"font-size: 14pt\">Gmina Wroc\u0142aw <\/span><br \/>\n<span style=\"font-size: 14pt\">NIP 897 13 83 551<\/span><br \/>\n<span style=\"font-size: 14pt\">plac Nowy Targ 1-8 <\/span><br \/>\n<span style=\"font-size: 14pt\">50-141 Wroc\u0142aw<\/span><\/p>\n<p style=\"text-align: center\"><span style=\"font-size: 14pt\"><strong>Podmiot inny:<\/strong> <\/span><br \/>\n<span style=\"font-size: 14pt\">Przedszkole nr 54 Pod Kasztanami<\/span><br \/>\n<span style=\"font-size: 14pt\">NIP: 898 18 72 010<\/span><br \/>\n<span style=\"font-size: 14pt\">ul. Edwarda Wittiga 3<\/span><br \/>\n<span style=\"font-size: 14pt\">51-628 Wroc\u0142aw<\/span><\/p>\n<p style=\"text-align: center\"><span style=\"font-size: 14pt\">Je\u017celi wystawicie Pa\u0144stwo faktur\u0119 w spos\u00f3b wskazany powy\u017cej (tj. podacie Pa\u0144stwo na fakturze dwa numery NIP), faktura trafi z KSeF bezpo\u015brednio do w\u0142a\u015bciwej jednostki. Je\u017celi na fakturze nie b\u0119dzie podanego numeru NIP jednostki, utrudni i wyd\u0142u\u017cy to proces przydzielania faktury do odpowiedniej jednostki.<\/span><\/p>\n<p style=\"text-align: center\"><span style=\"font-size: 14pt\">Bardzo prosz\u0119 r\u00f3wnie\u017c o podawanie na fakturze numeru umowy\/zam\u00f3wienia. <\/span><br \/>\n<span style=\"font-size: 14pt\">Powy\u017csze zasady dotycz\u0105 faktur wystawionych za po\u015brednictwem KSeF od dnia 01 lutego 2026 r. <\/span><\/p>\n<p>[\/vc_column_text][\/vc_column][vc_column width=&#8221;1\/4&#8243;][\/vc_column][\/vc_row]<\/p>\n<\/div>","protected":false},"excerpt":{"rendered":"<p>[vc_row][vc_column width=&#8221;1\/4&#8243;][\/vc_column][vc_column width=&#8221;1\/2&#8243;][vc_column_text css=&#8221;&#8221;] INFORMACJI DLA WYSTAWC\u00d3W FAKTUR ZAKUPOWYCH KSeF \u2013 wystawianie faktur dla Przedszkola nr 54 Pod Kasztanami Je\u017celi zawarli\u015bcie Pa\u0144stwo umow\u0119 z Gmin\u0105 Wroc\u0142aw \u2013 Przedszkole nr 54 [&hellip;]<\/p>\n","protected":false},"author":72,"featured_media":0,"parent":59,"menu_order":0,"comment_status":"closed","ping_status":"closed","template":"","meta":{"ngg_post_thumbnail":0,"footnotes":""},"class_list":["post-8623","page","type-page","status-publish","hentry","clearfix"],"_links":{"self":[{"href":"https:\/\/przedszkole54.edu.wroclaw.pl\/index.php\/wp-json\/wp\/v2\/pages\/8623","targetHints":{"allow":["GET"]}}],"collection":[{"href":"https:\/\/przedszkole54.edu.wroclaw.pl\/index.php\/wp-json\/wp\/v2\/pages"}],"about":[{"href":"https:\/\/przedszkole54.edu.wroclaw.pl\/index.php\/wp-json\/wp\/v2\/types\/page"}],"author":[{"embeddable":true,"href":"https:\/\/przedszkole54.edu.wroclaw.pl\/index.php\/wp-json\/wp\/v2\/users\/72"}],"replies":[{"embeddable":true,"href":"https:\/\/przedszkole54.edu.wroclaw.pl\/index.php\/wp-json\/wp\/v2\/comments?post=8623"}],"version-history":[{"count":3,"href":"https:\/\/przedszkole54.edu.wroclaw.pl\/index.php\/wp-json\/wp\/v2\/pages\/8623\/revisions"}],"predecessor-version":[{"id":8650,"href":"https:\/\/przedszkole54.edu.wroclaw.pl\/index.php\/wp-json\/wp\/v2\/pages\/8623\/revisions\/8650"}],"up":[{"embeddable":true,"href":"https:\/\/przedszkole54.edu.wroclaw.pl\/index.php\/wp-json\/wp\/v2\/pages\/59"}],"wp:attachment":[{"href":"https:\/\/przedszkole54.edu.wroclaw.pl\/index.php\/wp-json\/wp\/v2\/media?parent=8623"}],"curies":[{"name":"wp","href":"https:\/\/api.w.org\/{rel}","templated":true}]}}