
{"id":3898,"date":"2021-11-29T13:22:29","date_gmt":"2021-11-29T12:22:29","guid":{"rendered":"https:\/\/przedszkole54.edu.wroclaw.pl\/?page_id=3898"},"modified":"2024-09-11T09:34:43","modified_gmt":"2024-09-11T07:34:43","slug":"programy-i-projekty","status":"publish","type":"page","link":"https:\/\/przedszkole54.edu.wroclaw.pl\/index.php\/dla-rodzicow\/programy-i-projekty\/","title":{"rendered":"Programy i projekty"},"content":{"rendered":"<div class=\"wpb-content-wrapper\"><p>[vc_row][vc_column width=&#8221;1\/4&#8243;][\/vc_column][vc_column width=&#8221;3\/4&#8243;][vc_column_text css_animation=&#8221;appear&#8221; css=&#8221;.vc_custom_1726039974147{margin-bottom: 20px !important;}&#8221;]<\/p>\n<p style=\"text-align: center;line-height: 90%\"><span style=\"color: #339966\"><span style=\"font-size: 22px;font-family: 'Open Sans', sans-serif\"><span style=\"font-size: 20pt;line-height: 90%\"><strong><span style=\"color: #000080\">PROGRAMY I PROJEKTY<\/span><\/strong><br \/>\n<span style=\"font-size: 16pt\"><strong><span style=\"color: #000080\">REALIZOWANE W PRZEDSZKOLU<\/span><\/strong><br \/>\n<\/span><\/span><\/span><br \/>\n<\/span><\/p>\n<p>[\/vc_column_text][vc_column_text css_animation=&#8221;appear&#8221; css=&#8221;.vc_custom_1726040033467{border-top-width: 0px !important;border-right-width: 0px !important;border-bottom-width: 0px !important;border-left-width: 0px !important;padding-top: 0px !important;padding-right: 0px !important;padding-bottom: 0px !important;padding-left: 0px !important;border-color: #e8e8e8 !important;}&#8221;]<span style=\"color: #000000\"><span style=\"font-family: georgia, palatino, serif;font-size: 14pt\">Programy w\u0142asne:<br \/>\n<\/span><span style=\"font-family: georgia, palatino, serif;font-size: 14pt\"><em>\u2022 <span style=\"color: #000080\">Program prozdrowotny \u201ePrzedszkole promuj\u0105ce zdrowie\u201d<\/span><\/em><br \/>\n\u2022 <em><span style=\"color: #000080\">Program ekologiczny \u201ePrzyjaciele natury\u201d<\/span><br \/>\n\u2022 <span style=\"color: #000080\">Program goszcz\u0105cy wolontariuszy \u201eEuropa pod Kasztanami\u201d <\/span><\/em><span style=\"color: #000080\">&#8211; <span style=\"color: #000000\">realizowany w ramach <em>Europejskiego Korpusu Solidarno\u015bci <\/em>we<\/span><\/span> wsp\u00f3\u0142pracy z Fundacj\u0105 Rozwoju Systemu Edukacji (FRSE) oraz Fundacj\u0105 Integracji Spo\u0142ecznej PROM<em><br \/>\n\u2022 <span style=\"color: #000080\">Program j\u0119zyka niemieckiego \u201eZ j\u0119zykiem niemieckim przez \u015bwiat &#8211; poznajemy kraje niemieckoj\u0119zyczne\u201d<\/span><\/em> &#8211; realizowany przez nauczyciela germanist\u0119<\/span><\/span><span style=\"font-family: georgia, palatino, serif;font-size: 14pt\"><span style=\"color: #808080\"><br \/>\n<\/span><\/span>[\/vc_column_text][vc_separator style=&#8221;dotted&#8221; border_width=&#8221;5&#8243;][vc_column_text css_animation=&#8221;appear&#8221; css=&#8221;&#8221;]<span style=\"font-family: georgia, palatino, serif;font-size: 14pt\"><span style=\"color: #808080\"><span style=\"color: #000000\">Programy i projekty zewn\u0119trzne:<\/span><br \/>\n<span style=\"color: #000000\"><em>\u2022 <span style=\"color: #000080\">Ma\u0142y Mi\u015b w \u015bwiecie wielkiej literatury<\/span><\/em> &#8211; mi\u0119dzynarodowy projekt edukacyjny realizowany we wsp\u00f3\u0142pracy z Wydawnictwem MAC Edukacja<br \/>\n<em>\u2022 <span style=\"color: #000080\">ABC Empatii<\/span><\/em><span style=\"color: #000080\">\u00a0<\/span>&#8211; projekt edukacyjny realizowany we wsp\u00f3\u0142pracy z Czepczy\u0144ski Family Foundation (CFF), maj\u0105cy na celu likwidacj\u0119 barier i stereotyp\u00f3w zwi\u0105zanych z osobami z niepe\u0142nosprawno\u015bciami, a tak\u017ce zmian\u0119 my\u015blenia i negatywnych postaw<br \/>\n<em>\u2022 <span style=\"color: #000080\">Zdrowa Misja<\/span><\/em> &#8211; projekt prozdrowotny realizowany we wsp\u00f3\u0142pracy z Fundacj\u0105 Polskie Dzieci<br \/>\n<em>\u2022 <span style=\"color: #000080\">Akademia Przyjaci\u00f3\u0142 Wody<\/span><\/em> &#8211; projekt edukacyjny realizowany we wsp\u00f3\u0142pracy z MPWiK Wroc\u0142aw<br \/>\n\u2022 <span style=\"color: #000080\"><em>Profilaktyka pr\u00f3chnicy z\u0119b\u00f3w u dzieci w wieku przedszkolnym<\/em><\/span> &#8211; program prozdrowotny realizowany we wsp\u00f3\u0142pracy z Klinik\u0105 stomatologiczn\u0105 Artident<em><br \/>\n\u2022<span style=\"color: #000080\"> Mali Wspaniali <\/span><\/em>&#8211; program realizowany we wsp\u00f3\u0142pracy z Fundacj\u0105 Mali Wspaniali.<\/span><br \/>\n<\/span><\/span>[\/vc_column_text][\/vc_column][\/vc_row]<\/p>\n<\/div>","protected":false},"excerpt":{"rendered":"<p>[vc_row][vc_column width=&#8221;1\/4&#8243;][\/vc_column][vc_column width=&#8221;3\/4&#8243;][vc_column_text css_animation=&#8221;appear&#8221; css=&#8221;.vc_custom_1726039974147{margin-bottom: 20px !important;}&#8221;] PROGRAMY I PROJEKTY REALIZOWANE W PRZEDSZKOLU [\/vc_column_text][vc_column_text css_animation=&#8221;appear&#8221; css=&#8221;.vc_custom_1726040033467{border-top-width: 0px !important;border-right-width: 0px !important;border-bottom-width: 0px !important;border-left-width: 0px !important;padding-top: 0px !important;padding-right: 0px !important;padding-bottom: 0px !important;padding-left: [&hellip;]<\/p>\n","protected":false},"author":72,"featured_media":0,"parent":85,"menu_order":0,"comment_status":"closed","ping_status":"closed","template":"","meta":{"ngg_post_thumbnail":0,"footnotes":""},"class_list":["post-3898","page","type-page","status-publish","hentry","clearfix"],"_links":{"self":[{"href":"https:\/\/przedszkole54.edu.wroclaw.pl\/index.php\/wp-json\/wp\/v2\/pages\/3898","targetHints":{"allow":["GET"]}}],"collection":[{"href":"https:\/\/przedszkole54.edu.wroclaw.pl\/index.php\/wp-json\/wp\/v2\/pages"}],"about":[{"href":"https:\/\/przedszkole54.edu.wroclaw.pl\/index.php\/wp-json\/wp\/v2\/types\/page"}],"author":[{"embeddable":true,"href":"https:\/\/przedszkole54.edu.wroclaw.pl\/index.php\/wp-json\/wp\/v2\/users\/72"}],"replies":[{"embeddable":true,"href":"https:\/\/przedszkole54.edu.wroclaw.pl\/index.php\/wp-json\/wp\/v2\/comments?post=3898"}],"version-history":[{"count":27,"href":"https:\/\/przedszkole54.edu.wroclaw.pl\/index.php\/wp-json\/wp\/v2\/pages\/3898\/revisions"}],"predecessor-version":[{"id":7866,"href":"https:\/\/przedszkole54.edu.wroclaw.pl\/index.php\/wp-json\/wp\/v2\/pages\/3898\/revisions\/7866"}],"up":[{"embeddable":true,"href":"https:\/\/przedszkole54.edu.wroclaw.pl\/index.php\/wp-json\/wp\/v2\/pages\/85"}],"wp:attachment":[{"href":"https:\/\/przedszkole54.edu.wroclaw.pl\/index.php\/wp-json\/wp\/v2\/media?parent=3898"}],"curies":[{"name":"wp","href":"https:\/\/api.w.org\/{rel}","templated":true}]}}