
{"id":37,"date":"2022-01-21T22:00:59","date_gmt":"2022-01-21T21:00:59","guid":{"rendered":"https:\/\/przedszkole54.edu.wroclaw.pl\/?page_id=37"},"modified":"2026-01-29T14:18:53","modified_gmt":"2026-01-29T13:18:53","slug":"rekrutacja","status":"publish","type":"page","link":"https:\/\/przedszkole54.edu.wroclaw.pl\/index.php\/rekrutacja\/","title":{"rendered":"Rekrutacja"},"content":{"rendered":"<div class=\"wpb-content-wrapper\"><p>[vc_row][vc_column width=&#8221;1\/4&#8243;][\/vc_column][vc_column width=&#8221;1\/2&#8243;][vc_column_text css=&#8221;.vc_custom_1769692404147{padding-right: 20px !important;}&#8221;]<\/p>\n<p style=\"text-align: center\"><span style=\"color: #800000;font-size: 18pt\"><strong>REKRUTACJA 2026\/2027<\/strong><\/span><\/p>\n<p style=\"text-align: center\"><span style=\"font-size: 14pt;color: #000000\">Rekrutacja do plac\u00f3wek edukacyjnych odbywa si\u0119 z wykorzystaniem<\/span><br \/>\n<span style=\"font-size: 14pt;color: #000000\">elektronicznego systemu rekrutacji,\u00a0kt\u00f3ry jest dost\u0119pny na stronie:<\/span><br \/>\n<span style=\"font-size: 14pt\"><a href=\"https:\/\/rekrutacje.edu.wroclaw.pl\/\" target=\"blank\" rel=\"noopener\">rekrutacje.edu.wroclaw.pl<\/a>.<\/span><\/p>\n<p style=\"text-align: center\"><span style=\"font-size: 14pt\"><span style=\"color: #ff6600\"><strong>18 marca 2026<\/strong>\u00a0<\/span>rozpoczyna si\u0119 rekrutacja <\/span><span style=\"font-size: 14pt\"><span style=\"color: #ff6600\"><strong>do klas pierwszych<\/strong><\/span>\u00a0szk\u00f3\u0142 podstawowych.<\/span><\/p>\n<p style=\"text-align: center\"><span style=\"font-size: 14pt\"><span style=\"color: #ff6600\"><strong>20 marca 2026<\/strong><\/span> rozpoczyna si\u0119 rekrutacja <\/span><span style=\"font-size: 14pt\"><span style=\"color: #ff6600\"><strong>do przedszkoli<\/strong><\/span>\u00a0i oddzia\u0142\u00f3w przedszkolnych.<\/span><\/p>\n<p style=\"text-align: center\"><span style=\"font-size: 14pt\">Szczeg\u00f3\u0142y dotycz\u0105ce rekrutacji znajd\u0105 Pa\u0144stwo na stronie:<\/span><br \/>\n<span style=\"font-size: 14pt\"><a href=\"https:\/\/www.wroclaw.pl\/dla-mieszkanca\/rekrutacja-do-wroclawskich-przedszkoli-terminy-najwazniejsze-informacje\" target=\"blank\" rel=\"noopener\">https:\/\/www.wroclaw.pl\/portal\/rekrutacja-szkoly-i-przedszkola-wroclaw<\/a><\/span><\/p>\n<p style=\"text-align: center\"><span style=\"font-size: 14pt\">a tak\u017ce <strong><a href=\"https:\/\/przedszkole54.edu.wroclaw.pl\/wp-content\/uploads\/sites\/56\/2026\/01\/REKRUTACJA-2026-informacje.pdf\">tutaj<\/a> <\/strong>\ud83d\ude42<\/span><\/p>\n<p>[\/vc_column_text][\/vc_column][vc_column width=&#8221;1\/4&#8243;][\/vc_column][\/vc_row][vc_row][vc_column][vc_single_image image=&#8221;928&#8243; img_size=&#8221;full&#8221; alignment=&#8221;center&#8221; onclick=&#8221;custom_link&#8221; img_link_target=&#8221;_blank&#8221; css_animation=&#8221;appear&#8221; link=&#8221;https:\/\/www.wroclaw.pl\/portal\/rekrutacja-szkoly-i-przedszkola-wroclaw&#8221;][vc_separator style=&#8221;dotted&#8221; border_width=&#8221;5&#8243;][vc_column_text]<\/p>\n<p style=\"text-align: center\"><span style=\"color: #808080;font-family: georgia, palatino, serif;font-size: 14pt\">Najwa\u017cniejsze informacje<\/span><\/p>\n<p>[\/vc_column_text][\/vc_column][\/vc_row][vc_row][vc_column][vc_separator style=&#8221;dotted&#8221; border_width=&#8221;5&#8243;][vc_column_text css=&#8221;&#8221;]<\/p>\n<p style=\"text-align: center\"><a href=\"https:\/\/bip.um.wroc.pl\/sprawa-do-zalatwienia\/51507\/rekrutacja-do-przedszkoli-i-oddzialow-przedszkolnych-w-szkolach-podstawowych\"><span style=\"color: #808080;font-family: georgia, palatino, serif;font-size: 14pt\">Biuletyn Informacji Publicznej Urz\u0119du Miejskiego Wroc\u0142awia<\/span><\/a><\/p>\n<p>[\/vc_column_text][\/vc_column][\/vc_row][vc_row][vc_column width=&#8221;1\/3&#8243;][vc_single_image image=&#8221;8627&#8243; img_size=&#8221;full&#8221; alignment=&#8221;center&#8221; onclick=&#8221;custom_link&#8221; img_link_target=&#8221;_blank&#8221; css=&#8221;&#8221; link=&#8221;https:\/\/drive.google.com\/file\/d\/1AQSN0y0W9IuE_3bv1I_HF5ONguLNm3o-\/view?usp=sharing&#8221;][\/vc_column][vc_column width=&#8221;1\/3&#8243;][vc_single_image image=&#8221;8628&#8243; img_size=&#8221;full&#8221; alignment=&#8221;center&#8221; onclick=&#8221;custom_link&#8221; img_link_target=&#8221;_blank&#8221; css=&#8221;&#8221; link=&#8221;https:\/\/drive.google.com\/file\/d\/1yOFEPfN8loVduPCrUGBanFegQSEcYiKT\/view?usp=sharing&#8221;][\/vc_column][vc_column width=&#8221;1\/3&#8243;][vc_single_image image=&#8221;8629&#8243; img_size=&#8221;full&#8221; alignment=&#8221;center&#8221; onclick=&#8221;custom_link&#8221; img_link_target=&#8221;_blank&#8221; css=&#8221;&#8221; link=&#8221;https:\/\/drive.google.com\/file\/d\/1186mgRW8cZQ3WswHCvCs3glrTT3_TFzO\/view?usp=sharing&#8221;][\/vc_column][\/vc_row][vc_column width=&#8221;1\/4&#8243;][\/vc_column][vc_column width=&#8221;3\/4&#8243;][\/vc_column]<\/p>\n<\/div>","protected":false},"excerpt":{"rendered":"<p>[vc_row][vc_column width=&#8221;1\/4&#8243;][\/vc_column][vc_column width=&#8221;1\/2&#8243;][vc_column_text css=&#8221;.vc_custom_1769692404147{padding-right: 20px !important;}&#8221;] REKRUTACJA 2026\/2027 Rekrutacja do plac\u00f3wek edukacyjnych odbywa si\u0119 z wykorzystaniem elektronicznego systemu rekrutacji,\u00a0kt\u00f3ry jest dost\u0119pny na stronie: rekrutacje.edu.wroclaw.pl. 18 marca 2026\u00a0rozpoczyna si\u0119 rekrutacja do [&hellip;]<\/p>\n","protected":false},"author":72,"featured_media":4592,"parent":0,"menu_order":0,"comment_status":"closed","ping_status":"closed","template":"","meta":{"ngg_post_thumbnail":0,"footnotes":""},"class_list":["post-37","page","type-page","status-publish","has-post-thumbnail","hentry","clearfix"],"_links":{"self":[{"href":"https:\/\/przedszkole54.edu.wroclaw.pl\/index.php\/wp-json\/wp\/v2\/pages\/37","targetHints":{"allow":["GET"]}}],"collection":[{"href":"https:\/\/przedszkole54.edu.wroclaw.pl\/index.php\/wp-json\/wp\/v2\/pages"}],"about":[{"href":"https:\/\/przedszkole54.edu.wroclaw.pl\/index.php\/wp-json\/wp\/v2\/types\/page"}],"author":[{"embeddable":true,"href":"https:\/\/przedszkole54.edu.wroclaw.pl\/index.php\/wp-json\/wp\/v2\/users\/72"}],"replies":[{"embeddable":true,"href":"https:\/\/przedszkole54.edu.wroclaw.pl\/index.php\/wp-json\/wp\/v2\/comments?post=37"}],"version-history":[{"count":74,"href":"https:\/\/przedszkole54.edu.wroclaw.pl\/index.php\/wp-json\/wp\/v2\/pages\/37\/revisions"}],"predecessor-version":[{"id":7986,"href":"https:\/\/przedszkole54.edu.wroclaw.pl\/index.php\/wp-json\/wp\/v2\/pages\/37\/revisions\/7986"}],"wp:featuredmedia":[{"embeddable":true,"href":"https:\/\/przedszkole54.edu.wroclaw.pl\/index.php\/wp-json\/wp\/v2\/media\/4592"}],"wp:attachment":[{"href":"https:\/\/przedszkole54.edu.wroclaw.pl\/index.php\/wp-json\/wp\/v2\/media?parent=37"}],"curies":[{"name":"wp","href":"https:\/\/api.w.org\/{rel}","templated":true}]}}