
{"id":27,"date":"2021-03-18T07:58:20","date_gmt":"2021-03-18T06:58:20","guid":{"rendered":"https:\/\/przedszkole54.edu.wroclaw.pl\/?page_id=27"},"modified":"2024-10-18T11:46:59","modified_gmt":"2024-10-18T09:46:59","slug":"harmonogram-zajec-dodatkowych","status":"publish","type":"page","link":"https:\/\/przedszkole54.edu.wroclaw.pl\/index.php\/harmonogram-zajec-dodatkowych\/","title":{"rendered":"Zaj\u0119cia dodatkowe"},"content":{"rendered":"<div class=\"wpb-content-wrapper\"><p>[vc_row][vc_column width=&#8221;1\/4&#8243;][\/vc_column][vc_column width=&#8221;3\/4&#8243;][vc_column_text css=&#8221;&#8221;]<\/p>\n<p class=\"MsoNormal\" style=\"text-align: center\"><span style=\"color: #003300\"><strong><span style=\"font-size: 22px;font-family: 'Open Sans', sans-serif\"><span style=\"font-size: 20pt\">ZAJ\u0118CIA DODATKOWE <\/span><\/span><span style=\"font-size: 16pt;font-family: 'Open Sans', sans-serif\">w roku szkolnym 2024\/2025<\/span><\/strong><\/span><\/p>\n<p>[\/vc_column_text][\/vc_column][\/vc_row][vc_row][vc_column width=&#8221;1\/4&#8243;][\/vc_column][vc_column width=&#8221;1\/4&#8243;][vc_column_text css_animation=&#8221;fadeInDown&#8221; css=&#8221;&#8221;]<\/p>\n<p style=\"text-align: center\"><span style=\"color: #003300\"><strong><span style=\"font-size: 14px\"><span style=\"font-size: 12pt;font-family: 'Open Sans', sans-serif\"><span style=\"font-size: 12pt;line-height: 115%;font-family: georgia, palatino, serif\"><span style=\"font-size: 13.0pt;line-height: 115%\"><span style=\"font-size: 18px\"><span style=\"font-size: 16pt\">Zaj\u0119cia bezp\u0142atne:<\/span><\/span><\/span><\/span><\/span><\/span><\/strong><\/span><\/p>\n<p style=\"text-align: left\"><span style=\"color: #000000\"><span style=\"font-size: 14px\"><span style=\"font-size: 12pt;font-family: 'Open Sans', sans-serif\"><span style=\"font-size: 14pt;font-family: georgia, palatino, serif;line-height: 115%\">\u2013 j\u0119zyk niemiecki (codziennie)<br \/>\n<\/span><\/span><\/span><span style=\"font-size: 14px\"><span style=\"font-size: 12pt;font-family: 'Open Sans', sans-serif\"><span style=\"font-family: georgia, palatino, serif;font-size: 14pt\">\u2013 logopeda (wtorek, czwartek)<br \/>\n<\/span><\/span><\/span><span style=\"font-size: 14px\"><span style=\"font-size: 12pt;font-family: 'Open Sans', sans-serif\"><span style=\"font-family: georgia, palatino, serif;font-size: 14pt\">\u2013 pedagog specjalny (poniedzia\u0142ek, czwartek)<br \/>\n\u2013 psycholog (poniedzia\u0142ek, wtorek)<br \/>\n\u2013 religia (\u015broda, czwartek)<br \/>\n\u2013 Mali Wspaniali &#8211; \u0107wiczenia og\u00f3lnorozwojowe (&#8230;.)<br \/>\n<\/span><\/span><\/span><span style=\"font-size: 14px\"><span style=\"font-size: 12pt;font-family: 'Open Sans', sans-serif\"><span style=\"font-family: georgia, palatino, serif;font-size: 14pt\">\u2013 gimnastyka og\u00f3lnorozwojowa (&#8230;.) <\/span><\/span><\/span><\/span><\/p>\n<p>[\/vc_column_text][\/vc_column][vc_column width=&#8221;1\/4&#8243;][vc_column_text css_animation=&#8221;fadeInUp&#8221; css=&#8221;&#8221;]<\/p>\n<p style=\"text-align: center\"><strong><span style=\"color: #003300;font-size: 14px\"><span style=\"font-size: 12pt;font-family: 'Open Sans', sans-serif\"><span style=\"font-size: 12pt;line-height: 115%;font-family: georgia, palatino, serif\"><span style=\"font-size: 13.0pt;line-height: 115%\"><span style=\"font-size: 18px\"><span style=\"font-size: 16pt\">Zaj\u0119cia finansowane przez Rad\u0119 Rodzic\u00f3w<\/span><span style=\"font-size: 14pt\">:<\/span><\/span><\/span><\/span><\/span><\/span><\/strong><\/p>\n<p style=\"text-align: left\"><span style=\"color: #000000\"><span style=\"font-size: 14px\"><span style=\"font-size: 12pt;font-family: 'Open Sans', sans-serif\"><span style=\"font-size: 14pt;font-family: georgia, palatino, serif;line-height: 115%\">\u2013 teatr (\u015broda)<br \/>\n<\/span><\/span><\/span><span style=\"font-size: 14px\"><span style=\"font-size: 12pt;font-family: 'Open Sans', sans-serif\"><span style=\"font-family: georgia, palatino, serif;font-size: 14pt\">\u2013 rytmika (pi\u0105tek)<br \/>\n\u2013 j\u0119zyk angielski (pi\u0105tek)<br \/>\n<\/span><\/span><\/span><span style=\"font-size: 14px\"><span style=\"font-size: 12pt;font-family: 'Open Sans', sans-serif\"><span style=\"font-family: georgia, palatino, serif;font-size: 14pt\">\u2013 Dziadek Bach \u2013 koncerty edukacyjne (raz w miesi\u0105cu, \u015broda)<\/span><\/span><\/span><\/span><\/p>\n<p>[\/vc_column_text][\/vc_column][vc_column width=&#8221;1\/4&#8243;][vc_column_text css_animation=&#8221;fadeInRight&#8221; css=&#8221;&#8221;]<\/p>\n<p style=\"text-align: center\"><strong><span style=\"color: #003300;font-size: 14px\"><span style=\"font-size: 12pt;font-family: 'Open Sans', sans-serif\"><span style=\"font-size: 12pt;line-height: 115%;font-family: georgia, palatino, serif\"><span style=\"font-size: 13.0pt;line-height: 115%\"><span style=\"font-size: 18px\"><span style=\"font-size: 16pt\">Zaj\u0119cia odp\u0142atne<\/span><br \/>\n<span style=\"font-size: 14pt\">(dla zainteresowanych):<\/span><\/span><\/span><\/span><\/span><\/span><\/strong><\/p>\n<p style=\"text-align: left\"><span style=\"color: #808080;font-size: 14px\"><span style=\"color: grey;font-size: 12pt;font-family: 'Open Sans', sans-serif\"><span style=\"font-size: 14pt;font-family: georgia, palatino, serif;color: grey;line-height: 115%\"><br \/>\n<span style=\"color: #000000\">\u2013 basen (poniedzia\u0142ek)<\/span><br \/>\n<\/span><\/span><\/span><span style=\"color: #000000\"><span style=\"font-size: 14px\"><span style=\"font-size: 12pt;font-family: 'Open Sans', sans-serif\"><span style=\"font-family: georgia, palatino, serif;font-size: 14pt\">\u2013 ta\u0144ce (wtorek)<\/span><\/span><\/span><span style=\"font-size: 14px\"><span style=\"font-size: 12pt;font-family: 'Open Sans', sans-serif\"><span style=\"font-family: georgia, palatino, serif;font-size: 14pt\"><br \/>\n<\/span><\/span><\/span><span style=\"font-size: 14px\"><span style=\"font-size: 12pt;font-family: 'Open Sans', sans-serif\"><span style=\"font-family: georgia, palatino, serif;font-size: 14pt\">\u2013 capoiera (\u015broda)<br \/>\n\u2013 Dru\u017cyna Kangura (czwartek)<\/span><\/span><\/span><\/span><\/p>\n<p>\u00a0[\/vc_column_text][\/vc_column][\/vc_row][vc_row][vc_column width=&#8221;1\/4&#8243;][\/vc_column][vc_column width=&#8221;1\/4&#8243;][\/vc_column][vc_column width=&#8221;1\/4&#8243;][\/vc_column][\/vc_row]<\/p>\n<\/div>","protected":false},"excerpt":{"rendered":"<p>[vc_row][vc_column width=&#8221;1\/4&#8243;][\/vc_column][vc_column width=&#8221;3\/4&#8243;][vc_column_text css=&#8221;&#8221;] ZAJ\u0118CIA DODATKOWE w roku szkolnym 2024\/2025 [\/vc_column_text][\/vc_column][\/vc_row][vc_row][vc_column width=&#8221;1\/4&#8243;][\/vc_column][vc_column width=&#8221;1\/4&#8243;][vc_column_text css_animation=&#8221;fadeInDown&#8221; css=&#8221;&#8221;] Zaj\u0119cia bezp\u0142atne: \u2013 j\u0119zyk niemiecki (codziennie) \u2013 logopeda (wtorek, czwartek) \u2013 pedagog specjalny (poniedzia\u0142ek, czwartek) [&hellip;]<\/p>\n","protected":false},"author":72,"featured_media":0,"parent":0,"menu_order":0,"comment_status":"closed","ping_status":"closed","template":"","meta":{"ngg_post_thumbnail":0,"footnotes":""},"class_list":["post-27","page","type-page","status-publish","hentry","clearfix"],"_links":{"self":[{"href":"https:\/\/przedszkole54.edu.wroclaw.pl\/index.php\/wp-json\/wp\/v2\/pages\/27","targetHints":{"allow":["GET"]}}],"collection":[{"href":"https:\/\/przedszkole54.edu.wroclaw.pl\/index.php\/wp-json\/wp\/v2\/pages"}],"about":[{"href":"https:\/\/przedszkole54.edu.wroclaw.pl\/index.php\/wp-json\/wp\/v2\/types\/page"}],"author":[{"embeddable":true,"href":"https:\/\/przedszkole54.edu.wroclaw.pl\/index.php\/wp-json\/wp\/v2\/users\/72"}],"replies":[{"embeddable":true,"href":"https:\/\/przedszkole54.edu.wroclaw.pl\/index.php\/wp-json\/wp\/v2\/comments?post=27"}],"version-history":[{"count":62,"href":"https:\/\/przedszkole54.edu.wroclaw.pl\/index.php\/wp-json\/wp\/v2\/pages\/27\/revisions"}],"predecessor-version":[{"id":7982,"href":"https:\/\/przedszkole54.edu.wroclaw.pl\/index.php\/wp-json\/wp\/v2\/pages\/27\/revisions\/7982"}],"wp:attachment":[{"href":"https:\/\/przedszkole54.edu.wroclaw.pl\/index.php\/wp-json\/wp\/v2\/media?parent=27"}],"curies":[{"name":"wp","href":"https:\/\/api.w.org\/{rel}","templated":true}]}}

Zajęcia dodatkowe

<div class="wpb-content-wrapper"><p>[vc_row][vc_column width=&#8221;1/4&#8243;][/vc_column][vc_column width=&#8221;3/4&#8243;][vc_column_text css=&#8221;&#8221;]</p>
<p class="MsoNormal" style="text-align: center"><span style="color: #003300"><strong><span style="font-size: 22px;font-family: 'Open Sans', sans-serif"><span style="font-size: 20pt">ZAJĘCIA DODATKOWE </span></span><span style="font-size: 16pt;font-family: 'Open Sans', sans-serif">w roku szkolnym 2024/2025</span></strong></span></p>
<p>[/vc_column_text][/vc_column][/vc_row][vc_row][vc_column width=&#8221;1/4&#8243;][/vc_column][vc_column width=&#8221;1/4&#8243;][vc_column_text css_animation=&#8221;fadeInDown&#8221; css=&#8221;&#8221;]</p>
<p style="text-align: center"><span style="color: #003300"><strong><span style="font-size: 14px"><span style="font-size: 12pt;font-family: 'Open Sans', sans-serif"><span style="font-size: 12pt;line-height: 115%;font-family: georgia, palatino, serif"><span style="font-size: 13.0pt;line-height: 115%"><span style="font-size: 18px"><span style="font-size: 16pt">Zajęcia bezpłatne:</span></span></span></span></span></span></strong></span></p>
<p style="text-align: left"><span style="color: #000000"><span style="font-size: 14px"><span style="font-size: 12pt;font-family: 'Open Sans', sans-serif"><span style="font-size: 14pt;font-family: georgia, palatino, serif;line-height: 115%">– język niemiecki (codziennie)<br />
</span></span></span><span style="font-size: 14px"><span style="font-size: 12pt;font-family: 'Open Sans', sans-serif"><span style="font-family: georgia, palatino, serif;font-size: 14pt">– logopeda (wtorek, czwartek)<br />
</span></span></span><span style="font-size: 14px"><span style="font-size: 12pt;font-family: 'Open Sans', sans-serif"><span style="font-family: georgia, palatino, serif;font-size: 14pt">– pedagog specjalny (poniedziałek, czwartek)<br />
– psycholog (poniedziałek, wtorek)<br />
– religia (środa, czwartek)<br />
– Mali Wspaniali &#8211; ćwiczenia ogólnorozwojowe (&#8230;.)<br />
</span></span></span><span style="font-size: 14px"><span style="font-size: 12pt;font-family: 'Open Sans', sans-serif"><span style="font-family: georgia, palatino, serif;font-size: 14pt">– gimnastyka ogólnorozwojowa (&#8230;.) </span></span></span></span></p>
<p>[/vc_column_text][/vc_column][vc_column width=&#8221;1/4&#8243;][vc_column_text css_animation=&#8221;fadeInUp&#8221; css=&#8221;&#8221;]</p>
<p style="text-align: center"><strong><span style="color: #003300;font-size: 14px"><span style="font-size: 12pt;font-family: 'Open Sans', sans-serif"><span style="font-size: 12pt;line-height: 115%;font-family: georgia, palatino, serif"><span style="font-size: 13.0pt;line-height: 115%"><span style="font-size: 18px"><span style="font-size: 16pt">Zajęcia finansowane przez Radę Rodziców</span><span style="font-size: 14pt">:</span></span></span></span></span></span></strong></p>
<p style="text-align: left"><span style="color: #000000"><span style="font-size: 14px"><span style="font-size: 12pt;font-family: 'Open Sans', sans-serif"><span style="font-size: 14pt;font-family: georgia, palatino, serif;line-height: 115%">– teatr (środa)<br />
</span></span></span><span style="font-size: 14px"><span style="font-size: 12pt;font-family: 'Open Sans', sans-serif"><span style="font-family: georgia, palatino, serif;font-size: 14pt">– rytmika (piątek)<br />
– język angielski (piątek)<br />
</span></span></span><span style="font-size: 14px"><span style="font-size: 12pt;font-family: 'Open Sans', sans-serif"><span style="font-family: georgia, palatino, serif;font-size: 14pt">– Dziadek Bach – koncerty edukacyjne (raz w miesiącu, środa)</span></span></span></span></p>
<p>[/vc_column_text][/vc_column][vc_column width=&#8221;1/4&#8243;][vc_column_text css_animation=&#8221;fadeInRight&#8221; css=&#8221;&#8221;]</p>
<p style="text-align: center"><strong><span style="color: #003300;font-size: 14px"><span style="font-size: 12pt;font-family: 'Open Sans', sans-serif"><span style="font-size: 12pt;line-height: 115%;font-family: georgia, palatino, serif"><span style="font-size: 13.0pt;line-height: 115%"><span style="font-size: 18px"><span style="font-size: 16pt">Zajęcia odpłatne</span><br />
<span style="font-size: 14pt">(dla zainteresowanych):</span></span></span></span></span></span></strong></p>
<p style="text-align: left"><span style="color: #808080;font-size: 14px"><span style="color: grey;font-size: 12pt;font-family: 'Open Sans', sans-serif"><span style="font-size: 14pt;font-family: georgia, palatino, serif;color: grey;line-height: 115%"><br />
<span style="color: #000000">– basen (poniedziałek)</span><br />
</span></span></span><span style="color: #000000"><span style="font-size: 14px"><span style="font-size: 12pt;font-family: 'Open Sans', sans-serif"><span style="font-family: georgia, palatino, serif;font-size: 14pt">– tańce (wtorek)</span></span></span><span style="font-size: 14px"><span style="font-size: 12pt;font-family: 'Open Sans', sans-serif"><span style="font-family: georgia, palatino, serif;font-size: 14pt"><br />
</span></span></span><span style="font-size: 14px"><span style="font-size: 12pt;font-family: 'Open Sans', sans-serif"><span style="font-family: georgia, palatino, serif;font-size: 14pt">– capoiera (środa)<br />
– Drużyna Kangura (czwartek)</span></span></span></span></p>
<p> [/vc_column_text][/vc_column][/vc_row][vc_row][vc_column width=&#8221;1/4&#8243;][/vc_column][vc_column width=&#8221;1/4&#8243;][/vc_column][vc_column width=&#8221;1/4&#8243;][/vc_column][/vc_row]</p>
</div>

<p>[vc_row][vc_column width=&#8221;1/4&#8243;][/vc_column][vc_column width=&#8221;3/4&#8243;][vc_column_text css=&#8221;&#8221;] ZAJĘCIA DODATKOWE w roku szkolnym 2024/2025 [/vc_column_text][/vc_column][/vc_row][vc_row][vc_column width=&#8221;1/4&#8243;][/vc_column][vc_column width=&#8221;1/4&#8243;][vc_column_text css_animation=&#8221;fadeInDown&#8221; css=&#8221;&#8221;] Zajęcia bezpłatne: – język niemiecki (codziennie) – logopeda (wtorek, czwartek) – pedagog specjalny (poniedziałek, czwartek) [&hellip;]</p>
